{"id":2742,"date":"2023-05-09T06:46:17","date_gmt":"2023-05-09T06:46:17","guid":{"rendered":"https:\/\/biolabtek.vn\/?post_type=product&#038;p=2742"},"modified":"2024-04-03T08:03:05","modified_gmt":"2024-04-03T08:03:05","slug":"corning-digital-hot-plates","status":"publish","type":"product","link":"https:\/\/biolabtek.vn\/?product=corning-digital-hot-plates","title":{"rendered":"Corning\u00ae Digital Hot Plates"},"content":{"rendered":"<p><strong>\u0110\u0129a gia nhi\u1ec7t k\u1ef9 thu\u1eadt s\u1ed1 Corning<\/strong> \u0111\u01b0\u1ee3c ch\u1ebf t\u1ea1o v\u1edbi \u0111\u1ed9 b\u1ec1n v\u00e0 ch\u1ea5t l\u01b0\u1ee3ng nh\u01b0 nhau m\u00e0 Corning \u0111\u00e3 \u0111\u01b0a v\u00e0o c\u00e1c s\u1ea3n ph\u1ea9m h\u00e0ng \u0111\u1ea7u c\u1ee7a Pyroceram\u00ae t\u1eeb n\u0103m 1964. T\u1ea5t c\u1ea3 c\u00e1c ki\u1ec3u m\u00e1y \u0111\u1ec1u c\u00f3 m\u1eb7t tr\u00ean b\u1eb1ng Pyroceram v\u00e0 b\u1ea3o h\u00e0nh hai n\u0103m.<\/p>\n<p><strong>Corning\u00ae Digital Hot Plates\u00a0PC-400D<\/strong>\u00a0 c\u00f3 m\u00e0n h\u00ecnh hi\u1ec3n th\u1ecb nhi\u1ec7t \u0111\u1ed9 k\u1ef9 thu\u1eadt s\u1ed1 v\u00e0 m\u1eb7t tr\u00ean Pyroceram\u00ae 5 x 7 (12,7 x 17,8 cm). N\u00f3 \u0111\u01b0\u1ee3c thi\u1ebft k\u1ebf \u0111\u1ec3 ho\u1ea1t \u0111\u1ed9ng \u1edf \u0111i\u1ec7n \u00e1p 120V\/60Hz v\u1edbi ph\u00edch c\u1eafm ba ch\u00e2n ti\u00eau chu\u1ea9n c\u1ee7a Hoa K\u1ef3 \u0111\u1ec3 s\u1eed d\u1ee5ng \u1edf B\u1eafc M\u1ef9 v\u00e0 c\u00e1c khu v\u1ef1c kh\u00e1c c\u00f3 y\u00eau c\u1ea7u v\u1ec1 \u0111i\u1ec7n t\u01b0\u01a1ng t\u1ef1.<\/p>\n<p><strong>T\u00ednh n\u0103ng n\u1ed5i b\u1eadt:<\/strong><\/p>\n<ul>\n<li>UL v\u00e0 cUL \u0111\u00e3 \u0111\u01b0\u1ee3c ph\u00ea duy\u1ec7t<\/li>\n<li>B\u1ed9 vi x\u1eed l\u00fd duy tr\u00ec c\u00e1c c\u00e0i \u0111\u1eb7t nhi\u1ec7t \u0111\u1ed9 nh\u1ea5t qu\u00e1n v\u00e0 c\u00f3 th\u1ec3 l\u1eb7p l\u1ea1i t\u1eeb 5\u00b0C (n\u1ebfu nhi\u1ec7t \u0111\u1ed9 m\u00f4i tr\u01b0\u1eddng xung quanh l\u00e0 0\u00b0C ho\u1eb7c th\u1ea5p h\u01a1n) cho \u0111\u1ebfn 550\u00b0C.<\/li>\n<li>M\u00e0n h\u00ecnh hi\u1ec3n th\u1ecb nhi\u1ec7t \u0111\u1ed9 LED k\u1ef9 thu\u1eadt s\u1ed1 c\u00f3 th\u1ec3 \u0111i\u1ec1u ch\u1ec9nh theo m\u1ee9c t\u0103ng 5\u00b0C v\u00e0 nh\u1ea5p nh\u00e1y cho \u0111\u1ebfn khi \u0111\u1ea1t \u0111\u1ebfn nhi\u1ec7t \u0111\u1ed9 c\u00e0i \u0111\u1eb7t.<\/li>\n<li>B\u1ed9 \u0111i\u1ec1u khi\u1ec3n nhi\u1ec7t \u0111\u1ed9 b\u00ean ngo\u00e0i t\u00f9y ch\u1ecdn (M\u00e3 h\u00e0ng 6795PR) th\u1ef1c s\u1ef1 ki\u1ec3m so\u00e1t nhi\u1ec7t \u0111\u1ed9 b\u00ean trong b\u00ecnh.<\/li>\n<\/ul>\n<p><strong>Th\u00f4ng s\u1ed1 k\u1ef9 thu\u1eadt:<\/strong><\/p>\n<ul>\n<li>\n<table class=\"info-table\">\n<tbody>\n<tr>\n<td class=\"info-table--label\">Product Number<\/td>\n<td class=\"info-table--data\">\u00a0\u00a06795-400D<\/td>\n<\/tr>\n<tr>\n<td class=\"info-table--label\">Qty.\/Pk<\/td>\n<td class=\"info-table--data\">\u00a0 1\u00a0\/ Pk<\/td>\n<\/tr>\n<tr>\n<td class=\"info-table--label\">Qty.\/Cs<\/td>\n<td class=\"info-table--data\">\u00a0 1\u00a0\/ Cs<\/td>\n<\/tr>\n<tr>\n<td class=\"info-table--label\">Brand<\/td>\n<td class=\"info-table--data\">\u00a0 Corning\u00ae<\/td>\n<\/tr>\n<tr>\n<td class=\"info-table--label\">Number of Stirring Positions<\/td>\n<td class=\"info-table--data\">\u00a0 1<\/td>\n<\/tr>\n<tr>\n<td class=\"info-table--label\">Top Size<\/td>\n<td class=\"info-table--data\">\u00a0 5 x 7 inches<\/td>\n<\/tr>\n<tr>\n<td class=\"info-table--label\">Power<\/td>\n<td class=\"info-table--data\">\u00a0 120V, 60Hz<\/td>\n<\/tr>\n<tr>\n<td class=\"info-table--label\">Amperage<\/td>\n<td class=\"info-table--data\">\u00a0 5.3<\/td>\n<\/tr>\n<tr>\n<td class=\"info-table--label\">Watts<\/td>\n<td class=\"info-table--data\">\u00a0 628<\/td>\n<\/tr>\n<tr>\n<td class=\"info-table--label\">Temperature Range<\/td>\n<td class=\"info-table--data\">\u00a0 5 to 550\u00b0 C (41 to 1022\u00b0F)<\/td>\n<\/tr>\n<\/tbody>\n<\/table>\n<\/li>\n<\/ul>\n<p style=\"text-align: left;\">Xem chi ti\u1ebft s\u1ea3n ph\u1ea9m:\u00a0<a href=\"https:\/\/ecatalog.corning.com\/life-sciences\/b2c\/US\/en\/Equipment\/Constant-Temperature-Equipment\/Digital-Hot-Plates\/Corning%C2%AE-Digital-Hot-Plates\/p\/6795-400D\">https:\/\/ecatalog.corning.com\/life-sciences\/b2c\/US\/en\/Equipment\/Constant-Temperature-Equipment\/Digital-Hot-Plates\/Corning%C2%AE-Digital-Hot-Plates\/p\/corningDigitalHotPlates<\/a><\/p>\n","protected":false},"excerpt":{"rendered":"<p>\u0110\u0129a gia nhi\u1ec7t k\u1ef9 thu\u1eadt s\u1ed1 Corning \u0111\u01b0\u1ee3c ch\u1ebf t\u1ea1o v\u1edbi \u0111\u1ed9 b\u1ec1n v\u00e0 ch\u1ea5t l\u01b0\u1ee3ng nh\u01b0 nhau m\u00e0 Corning \u0111\u00e3 \u0111\u01b0a v\u00e0o c\u00e1c s\u1ea3n ph\u1ea9m h\u00e0ng \u0111\u1ea7u c\u1ee7a Pyroceram\u00ae t\u1eeb n\u0103m 1964. T\u1ea5t c\u1ea3 c\u00e1c ki\u1ec3u m\u00e1y \u0111\u1ec1u c\u00f3 m\u1eb7t tr\u00ean b\u1eb1ng Pyroceram v\u00e0 b\u1ea3o h\u00e0nh hai n\u0103m. Corning\u00ae Digital Hot Plates\u00a0PC-400D\u00a0 c\u00f3 m\u00e0n [&hellip;]<\/p>\n","protected":false},"featured_media":2743,"comment_status":"open","ping_status":"closed","template":"","meta":[],"_links":{"self":[{"href":"https:\/\/biolabtek.vn\/index.php?rest_route=\/wp\/v2\/product\/2742"}],"collection":[{"href":"https:\/\/biolabtek.vn\/index.php?rest_route=\/wp\/v2\/product"}],"about":[{"href":"https:\/\/biolabtek.vn\/index.php?rest_route=\/wp\/v2\/types\/product"}],"replies":[{"embeddable":true,"href":"https:\/\/biolabtek.vn\/index.php?rest_route=%2Fwp%2Fv2%2Fcomments&post=2742"}],"wp:featuredmedia":[{"embeddable":true,"href":"https:\/\/biolabtek.vn\/index.php?rest_route=\/wp\/v2\/media\/2743"}],"wp:attachment":[{"href":"https:\/\/biolabtek.vn\/index.php?rest_route=%2Fwp%2Fv2%2Fmedia&parent=2742"}],"curies":[{"name":"wp","href":"https:\/\/api.w.org\/{rel}","templated":true}]}}