{"id":2734,"date":"2023-05-09T03:34:28","date_gmt":"2023-05-09T03:34:28","guid":{"rendered":"https:\/\/biolabtek.vn\/?post_type=product&#038;p=2734"},"modified":"2023-05-24T07:49:49","modified_gmt":"2023-05-24T07:49:49","slug":"corning-lambda-plus-starter-kit-4069","status":"publish","type":"product","link":"https:\/\/biolabtek.vn\/?product=corning-lambda-plus-starter-kit-4069","title":{"rendered":"Corning\u00ae Lambda\u2122 Plus Starter Kit, 4069"},"content":{"rendered":"<p><strong>Lambda Plus Starter Kit<\/strong> \u0111\u01b0\u1ee3c thi\u1ebft k\u1ebf cho c\u00e1c ph\u00f2ng th\u00ed nghi\u1ec7m s\u1eafp thay th\u1ebf b\u1ed9 pipet c\u0169 c\u1ee7a h\u1ecd v\u00e0 cho nh\u1eefng kh\u00e1ch h\u00e0ng mu\u1ed1n c\u00f3 b\u1ed9 pipet m\u1edbi bao g\u1ed3m c\u00e1c th\u1ec3 t\u00edch \u0111\u01b0\u1ee3c s\u1eed d\u1ee5ng ph\u1ed5 bi\u1ebfn nh\u1ea5t.<\/p>\n<p><strong>Lambda Plus Starter Kit<\/strong> bao g\u1ed3m: b\u1ed1n pipet m\u1ed9t k\u00eanh Lambda Plus \u0111\u01b0\u1ee3c \u0111\u00f3ng g\u00f3i ti\u1ec7n l\u1ee3i v\u1edbi c\u00e1c ph\u1ee5 ki\u1ec7n h\u1eefu \u00edch (s\u00e1ch h\u01b0\u1edbng d\u1eabn, ch\u00eca kh\u00f3a hi\u1ec7u chu\u1ea9n, v\u00f2ng m\u00e3 m\u00e0u, \u1ed1ng m\u1ee1 p\u00edt-t\u00f4ng v\u00e0 nh\u00e3n d\u00e1n nh\u1eadn d\u1ea1ng) nh\u01b0 sau:<\/p>\n<ol>\n<li>Lambda Plus Single-Channel pipettor:<br \/>\n0,5 \u0111\u1ebfn 10 \u00b5L (Cat. No. 4071)<br \/>\n2 \u0111\u1ebfn 20 \u00b5L (Cat. No. 4072)<br \/>\n20 \u0111\u1ebfn 200 \u00b5L (Cat. No. 4074)<br \/>\n100 \u0111\u1ebfn 1000 \u00b5L (Cat. No. 4075)<\/li>\n<li>Gi\u00e1 \u0111\u1ef1ng \u0111a n\u0103ng cho s\u00e1u pipet m\u1ed9t k\u00eanh<\/li>\n<li>\u0110\u1ea7u tip pipet c\u1ee7a Corning DeckWorks:<br \/>\n10 \u00b5L, gi\u00e1 c\u00f3 b\u1ea3n l\u1ec1, kh\u00f4ng l\u1ecdc, kh\u00f4ng v\u00f4 tr\u00f9ng (Cat. No. 4115)<br \/>\n200 \u00b5L, gi\u00e1 c\u00f3 b\u1ea3n l\u1ec1, kh\u00f4ng l\u1ecdc, kh\u00f4ng v\u00f4 tr\u00f9ng (Cat. No. 4116)<br \/>\n1000 \u00b5L, gi\u00e1 c\u00f3 b\u1ea3n l\u1ec1, kh\u00f4ng l\u1ecdc, kh\u00f4ng v\u00f4 tr\u00f9ng (Cat. No. 4119)<\/li>\n<\/ol>\n<p style=\"text-align: left;\">Xem chi ti\u1ebft s\u1ea3n ph\u1ea9m:\u00a0<a href=\"https:\/\/ecatalog.corning.com\/life-sciences\/b2c\/US\/en\/Equipment\/Liquid-Handling-Equipment\/Liquid-Handling-Accessories\/Corning%C2%AE-Lambda%E2%84%A2-Plus-Starter-Kit\/p\/4069\">https:\/\/ecatalog.corning.com\/life-sciences\/b2c\/US\/en\/Equipment\/Liquid-Handling-Equipment\/Liquid-Handling-Accessories\/Corning%C2%AE-Lambda%E2%84%A2-Plus-Starter-Kit\/p\/4069<\/a><\/p>\n","protected":false},"excerpt":{"rendered":"<p>Lambda Plus Starter Kit \u0111\u01b0\u1ee3c thi\u1ebft k\u1ebf cho c\u00e1c ph\u00f2ng th\u00ed nghi\u1ec7m s\u1eafp thay th\u1ebf b\u1ed9 pipet c\u0169 c\u1ee7a h\u1ecd v\u00e0 cho nh\u1eefng kh\u00e1ch h\u00e0ng mu\u1ed1n c\u00f3 b\u1ed9 pipet m\u1edbi bao g\u1ed3m c\u00e1c th\u1ec3 t\u00edch \u0111\u01b0\u1ee3c s\u1eed d\u1ee5ng ph\u1ed5 bi\u1ebfn nh\u1ea5t. Lambda Plus Starter Kit bao g\u1ed3m: b\u1ed1n pipet m\u1ed9t k\u00eanh Lambda Plus \u0111\u01b0\u1ee3c \u0111\u00f3ng [&hellip;]<\/p>\n","protected":false},"featured_media":2735,"comment_status":"open","ping_status":"closed","template":"","meta":[],"_links":{"self":[{"href":"https:\/\/biolabtek.vn\/index.php?rest_route=\/wp\/v2\/product\/2734"}],"collection":[{"href":"https:\/\/biolabtek.vn\/index.php?rest_route=\/wp\/v2\/product"}],"about":[{"href":"https:\/\/biolabtek.vn\/index.php?rest_route=\/wp\/v2\/types\/product"}],"replies":[{"embeddable":true,"href":"https:\/\/biolabtek.vn\/index.php?rest_route=%2Fwp%2Fv2%2Fcomments&post=2734"}],"wp:featuredmedia":[{"embeddable":true,"href":"https:\/\/biolabtek.vn\/index.php?rest_route=\/wp\/v2\/media\/2735"}],"wp:attachment":[{"href":"https:\/\/biolabtek.vn\/index.php?rest_route=%2Fwp%2Fv2%2Fmedia&parent=2734"}],"curies":[{"name":"wp","href":"https:\/\/api.w.org\/{rel}","templated":true}]}}