{"id":2713,"date":"2023-05-09T01:44:20","date_gmt":"2023-05-09T01:44:20","guid":{"rendered":"https:\/\/biolabtek.vn\/?post_type=product&#038;p=2713"},"modified":"2023-05-24T07:49:02","modified_gmt":"2023-05-24T07:49:02","slug":"2713","status":"publish","type":"product","link":"https:\/\/biolabtek.vn\/?product=2713","title":{"rendered":"Corning\u00ae Cell Counter"},"content":{"rendered":"<p><strong>M\u00e1y \u0111\u1ebfm t\u1ebf b\u00e0o Corning\u00ae<\/strong>\u00a0l\u00e0 b\u1ed9 \u0111\u1ebfm t\u1ebf b\u00e0o t\u1ef1 \u0111\u1ed9ng \u0111\u1ea7u ti\u00ean k\u1ebft h\u1ee3p hai y\u1ebfu t\u1ed1\u00a0nhanh nh\u1ea5t v\u00e0 ch\u00ednh x\u00e1c nh\u1ea5t c\u1ee7a th\u1ebf gi\u1edbi, ch\u1ec9 trong 3 gi\u00e2y. M\u00e1y \u1ee9ng d\u1ee5ng trong \u0111\u1ebfm\u00a0t\u1ef1 \u0111\u1ed9ng \u0111\u1ebfm t\u1ebf b\u00e0o h\u1ed3ng c\u1ea7u, t\u1ebf b\u00e0o b\u1ea1ch c\u1ea7u, t\u1ebf b\u00e0o t\u1ea3o&#8230;<\/p>\n<p>S\u1ef1 l\u1ef1a ch\u1ecdn gi\u1eefa \u0111\u1ebfm t\u1ebf b\u00e0o th\u1ee7 c\u00f4ng v\u00e0 t\u1ef1 \u0111\u1ed9ng t\u1eeb l\u00e2u \u0111\u00e3 l\u00e0 m\u1ed9t \u0111i\u1ec1u kh\u00f3 kh\u0103n.\u00a0\u0110\u1ebfm t\u1ebf b\u00e0o th\u1ee7 c\u00f4ng l\u00e0 ch\u00ednh x\u00e1c nh\u01b0ng th\u01b0\u1eddng t\u1ed1n th\u1eddi gian v\u00e0 c\u00f3 l\u1ed7i ng\u01b0\u1eddi d\u00f9ng.\u00a0\u0110\u1ebfm t\u1ebf b\u00e0o t\u1ef1 \u0111\u1ed9ng nhanh h\u01a1n v\u00e0 gi\u1ea3m sai s\u1ed1\u00a0\u00edt ph\u1ee5 thu\u1ed9c v\u00e0o ng\u01b0\u1eddi thao t\u00e1c.<\/p>\n<p><strong>T\u00ednh n\u0103ng n\u1ed5i b\u1eadt:<\/strong><\/p>\n<ul>\n<li><strong>Nhanh<\/strong>\u00a0&#8211; Nh\u1edd\u00a0x\u1eed l\u00fd h\u00ecnh \u1ea3nh d\u1ef1a tr\u00ean c\u00f4ng ngh\u1ec7 \u0111i\u1ec7n to\u00e1n\u00a0\u0111\u00e1m m\u00e2y.<\/li>\n<li><strong>Ch\u00ednh x\u00e1c<\/strong>\u00a0&#8211; Nh\u1edd d\u00f9ng\u00a0thu\u1eadt to\u00e1n h\u1ecdc \u0111\u1ec3 x\u1eed l\u00fd k\u1ebft qu\u1ea3.<\/li>\n<li><strong>Chi ph\u00ed th\u1ea5p<\/strong>\u00a0&#8211; Nh\u1edd nhanh, gi\u1ea3m th\u1eddi gian v\u00e0 nh\u00e2n l\u1ef1c<\/li>\n<li><strong>D\u1ec5 s\u1eed d\u1ee5ng<\/strong>\u00a0\u00a0&#8211; \u0110\u1ec3 b\u1eaft \u0111\u1ea7u \u0111\u1ebfm, ch\u1ec9 c\u1ea7n \u0111\u1eb7t m\u1ed9t bu\u1ed3ng \u0111\u1ebfm \u0111\u00e3 c\u00f3 m\u1eabu v\u00e0o m\u00e1y, v\u00e0 nh\u1ea5n n\u00fat \u0111\u1ebfm l\u00e0 ra k\u1ebft qu\u1ea3 ngay t\u1ee9c th\u00ec.<\/li>\n<li><strong>Truy xu\u1ea5t d\u1eef li\u1ec7u thu\u1eadn ti\u1ec7n<\/strong>\u00a0\u00a0&#8211; B\u00e1o c\u00e1o s\u1ed1 l\u01b0\u1ee3ng t\u1ebf b\u00e0o \u0111\u01b0\u1ee3c hi\u1ec3n th\u1ecb ngay l\u1eadp t\u1ee9c tr\u00ean m\u00e1y t\u00ednh c\u1ee7a b\u1ea1n.\u00a0N\u00f3 c\u0169ng \u0111\u01b0\u1ee3c g\u1eedi \u0111\u1ebfn m\u1ed9t m\u00e1y ch\u1ee7 \u0111\u00e1m m\u00e2y an to\u00e0n, cho ph\u00e9p b\u1ea1n truy c\u1eadp v\u00e0o h\u00ecnh \u1ea3nh v\u00e0 s\u1ed1 l\u01b0\u1ee3ng t\u1ebf b\u00e0o \u0111\u01b0\u1ee3c ph\u00e2n t\u00edch tr\u00ean \u0111i\u1ec7n tho\u1ea1i th\u00f4ng minh, m\u00e1y t\u00ednh b\u1ea3ng ho\u1eb7c m\u00e1y t\u00ednh.<\/li>\n<\/ul>\n<p><strong>Th\u00f4ng s\u1ed1 k\u1ef9 thu\u1eadt<\/strong><\/p>\n<ul>\n<li>Ph\u1ea1m vi \u0111\u1ebfm: 5 x 104 \u0111\u1ebfn 1,0 x 107 t\u1ebf b\u00e0o \/ mL<\/li>\n<li>Ph\u1ea1m vi \u0111\u1ebfm: t\u1eeb 10 \u0111\u1ebfn 70 \u00b5m<\/li>\n<li>Th\u1eddi gian \u0111o: &lt;3 gi\u00e2y. *<\/li>\n<li>Kh\u1ea3 n\u0103ng t\u01b0\u01a1ng th\u00edch: \u0110\u1ebfm t\u00e1i s\u1eed d\u1ee5ng v\u00e0 d\u00f9ng m\u1ed9t l\u1ea7n bu\u1ed3ng<\/li>\n<li>Kh\u1ed1i l\u01b0\u1ee3ng m\u1eabu: 10 \u00b5L<\/li>\n<li>C\u00e2n n\u1eb7ng: 1,0 kg<\/li>\n<li>Tr\u01b0\u1eddng nh\u00ecn: 2.0 x 1,5 mm<\/li>\n<li>\u0110\u1ed9 ph\u00f3ng \u0111\u1ea1i: 200X<\/li>\n<li>\u0110\u1ed9 ph\u00e2n gi\u1ea3i h\u00ecnh \u1ea3nh: 2048 x 1536<\/li>\n<li>\u0110\u1ecbnh d\u1ea1ng \u0111\u00e3 xu\u1ea5t: PNG<\/li>\n<li>Ngu\u1ed3n s\u00e1ng: \u0110\u00e8n LED<\/li>\n<li>Camera: 5 MP CMOS<\/li>\n<li>K\u00edch th\u01b0\u1edbc \u0111\u01a1n v\u1ecb: 122 x 122 x 125 (L x W x H)<\/li>\n<li>M\u00f4i tr\u01b0\u1eddng ho\u1ea1t \u0111\u1ed9ng: 5 \u00b0 C \u0111\u1ebfn 40 \u00b0 C, \u0111\u1ed9 \u1ea9m 20% \u0111\u1ebfn 95%<\/li>\n<\/ul>\n<p>* \u0110\u01b0\u1ee3c \u0111o b\u1eb1ng t\u1ed1c \u0111\u1ed9 t\u1ea3i xu\u1ed1ng 73 Mb \/ gi\u00e2y v\u00e0 t\u1ed1c \u0111\u1ed9 t\u1ea3i l\u00ean 20 Mb \/ gi\u00e2y. T\u1ed1c \u0111\u1ed9 th\u1ef1c t\u1ebf c\u00f3 th\u1ec3 kh\u00e1c nhau t\u00f9y thu\u1ed9c v\u00e0o k\u1ebft n\u1ed1i internet.<\/p>\n<p>Xem chi ti\u1ebft s\u1ea3n ph\u1ea9m:\u00a0<a href=\"https:\/\/www.corning.com\/worldwide\/en\/products\/life-sciences\/products\/equipment\/corning-cell-counter.html\">https:\/\/www.corning.com\/worldwide\/en\/products\/life-sciences\/products\/equipment\/corning-cell-counter.html<\/a><\/p>\n","protected":false},"excerpt":{"rendered":"<p>M\u00e1y \u0111\u1ebfm t\u1ebf b\u00e0o Corning\u00ae\u00a0l\u00e0 b\u1ed9 \u0111\u1ebfm t\u1ebf b\u00e0o t\u1ef1 \u0111\u1ed9ng \u0111\u1ea7u ti\u00ean k\u1ebft h\u1ee3p hai y\u1ebfu t\u1ed1\u00a0nhanh nh\u1ea5t v\u00e0 ch\u00ednh x\u00e1c nh\u1ea5t c\u1ee7a th\u1ebf gi\u1edbi, ch\u1ec9 trong 3 gi\u00e2y. M\u00e1y \u1ee9ng d\u1ee5ng trong \u0111\u1ebfm\u00a0t\u1ef1 \u0111\u1ed9ng \u0111\u1ebfm t\u1ebf b\u00e0o h\u1ed3ng c\u1ea7u, t\u1ebf b\u00e0o b\u1ea1ch c\u1ea7u, t\u1ebf b\u00e0o t\u1ea3o&#8230; S\u1ef1 l\u1ef1a ch\u1ecdn gi\u1eefa \u0111\u1ebfm t\u1ebf b\u00e0o [&hellip;]<\/p>\n","protected":false},"featured_media":2714,"comment_status":"open","ping_status":"closed","template":"","meta":[],"_links":{"self":[{"href":"https:\/\/biolabtek.vn\/index.php?rest_route=\/wp\/v2\/product\/2713"}],"collection":[{"href":"https:\/\/biolabtek.vn\/index.php?rest_route=\/wp\/v2\/product"}],"about":[{"href":"https:\/\/biolabtek.vn\/index.php?rest_route=\/wp\/v2\/types\/product"}],"replies":[{"embeddable":true,"href":"https:\/\/biolabtek.vn\/index.php?rest_route=%2Fwp%2Fv2%2Fcomments&post=2713"}],"wp:featuredmedia":[{"embeddable":true,"href":"https:\/\/biolabtek.vn\/index.php?rest_route=\/wp\/v2\/media\/2714"}],"wp:attachment":[{"href":"https:\/\/biolabtek.vn\/index.php?rest_route=%2Fwp%2Fv2%2Fmedia&parent=2713"}],"curies":[{"name":"wp","href":"https:\/\/api.w.org\/{rel}","templated":true}]}}