{"id":2702,"date":"2023-05-08T10:16:19","date_gmt":"2023-05-08T10:16:19","guid":{"rendered":"https:\/\/biolabtek.vn\/?post_type=product&#038;p=2702"},"modified":"2023-05-24T07:51:30","modified_gmt":"2023-05-24T07:51:30","slug":"corning-lse-digital-dry-bath-heater","status":"publish","type":"product","link":"https:\/\/biolabtek.vn\/?product=corning-lse-digital-dry-bath-heater","title":{"rendered":"Corning\u00ae LSE\u2122 Digital Dry Bath Heater"},"content":{"rendered":"<p><strong>M\u00e1y \u1ee7 nhi\u1ec7t kh\u00f4 LSE Corning<\/strong> c\u00f3 s\u1eb5n \u1edf c\u00e1c c\u1ea5u h\u00ecnh \u0111\u01a1n, k\u00e9p v\u00e0 b\u1ed1n kh\u1ed1i v\u00e0 cung c\u1ea5p d\u1ea3i nhi\u1ec7t \u0111\u1ed9 r\u1ed9ng l\u00ean \u0111\u1ebfn 150\u00b0C, gi\u00fap ch\u00fang tr\u1edf n\u00ean h\u1eefu \u00edch cho nhi\u1ec1u \u1ee9ng d\u1ee5ng trong sinh h\u1ecdc ph\u00e2n t\u1eed, m\u00f4 h\u1ecdc, l\u00e2m s\u00e0ng, m\u00f4i tr\u01b0\u1eddng v\u00e0 c\u00f4ng nghi\u1ec7p c\u00e1c ph\u00f2ng th\u00ed nghi\u1ec7m. Ch\u00fang \u0111\u01b0\u1ee3c thi\u1ebft k\u1ebf v\u1edbi s\u1ef1 k\u1ebft h\u1ee3p t\u1ed1t nh\u1ea5t c\u1ee7a c\u00e1c t\u00ednh n\u0103ng bao g\u1ed3m dung l\u01b0\u1ee3ng kh\u1ed1i, m\u00e0n h\u00ecnh k\u00e9p v\u00e0 \u0111\u1ea7u d\u00f2 nhi\u1ec7t \u0111\u1ed9 b\u00ean ngo\u00e0i mang \u0111\u1ebfn cho c\u00e1c nh\u00e0 nghi\u00ean c\u1ee9u khoa h\u1ecdc \u0111\u1eddi s\u1ed1ng s\u1ef1 t\u1ef1 tin v\u00e0 hi\u1ec7u qu\u1ea3 m\u00e0 h\u1ecd c\u1ea7n khi l\u00e0m vi\u1ec7c v\u1edbi c\u00e1c m\u1eabu qu\u00fd gi\u00e1.<\/p>\n<p><strong>T\u00ednh n\u0103ng n\u1ed5i b\u1eadt:<\/strong><\/p>\n<ul>\n<li>Dung l\u01b0\u1ee3ng kh\u1ed1i \u0111\u01a1n, k\u00e9p v\u00e0 b\u1ed1n kh\u1ed1i \u0111\u1ec3 t\u1ed1i \u0111a h\u00f3a qu\u00e1 tr\u00ecnh x\u1eed l\u00fd m\u1eabu.<\/li>\n<li>M\u00e0n h\u00ecnh k\u00e9p cho ph\u00e9p d\u1ec5 d\u00e0ng theo d\u00f5i nhi\u1ec7t \u0111\u1ed9 v\u00e0 th\u1eddi gian.<\/li>\n<li>K\u1ebft n\u1ed1i USB cho ph\u00e9p truy xu\u1ea5t ngu\u1ed3n g\u1ed1c d\u1eef li\u1ec7u.<\/li>\n<li>Bu\u1ed3ng kh\u1ed1i \u0111\u00fac cung c\u1ea5p t\u00ednh \u0111\u1ed3ng nh\u1ea5t nhi\u1ec7t \u0111\u1ed9 tuy\u1ec7t v\u1eddi.<\/li>\n<\/ul>\n<p><strong>Th\u00f4ng s\u1ed1 k\u1ef9 thu\u1eadt t\u00f9y ch\u1ecdn:<\/strong><\/p>\n<ul>\n<li>S\u1ed1 kh\u1ed1i: \u0110\u01a1n; \u0110\u00f4i; B\u1ed1n kh\u1ed1i.<\/li>\n<\/ul>\n<p><img decoding=\"async\" loading=\"lazy\" class=\"aligncenter size-full wp-image-2777\" src=\"https:\/\/biolabtek.vn\/wp-content\/uploads\/2023\/05\/Corning\u00ae-LSE\u2122-Digital-Dry-Bath-Heater-1.jpg\" alt=\"\" width=\"1546\" height=\"693\" srcset=\"https:\/\/biolabtek.vn\/wp-content\/uploads\/2023\/05\/Corning\u00ae-LSE\u2122-Digital-Dry-Bath-Heater-1.jpg 1546w, https:\/\/biolabtek.vn\/wp-content\/uploads\/2023\/05\/Corning\u00ae-LSE\u2122-Digital-Dry-Bath-Heater-1-800x359.jpg 800w, https:\/\/biolabtek.vn\/wp-content\/uploads\/2023\/05\/Corning\u00ae-LSE\u2122-Digital-Dry-Bath-Heater-1-768x344.jpg 768w, https:\/\/biolabtek.vn\/wp-content\/uploads\/2023\/05\/Corning\u00ae-LSE\u2122-Digital-Dry-Bath-Heater-1-1400x628.jpg 1400w, https:\/\/biolabtek.vn\/wp-content\/uploads\/2023\/05\/Corning\u00ae-LSE\u2122-Digital-Dry-Bath-Heater-1-600x269.jpg 600w\" sizes=\"(max-width: 1546px) 100vw, 1546px\" \/><\/p>\n<ul>\n<li>Ki\u1ec3u Plug: EU; JP; UK; US<\/li>\n<li>Ngu\u1ed3n \u0111i\u1ec7n: 100V; 120V; 230V<\/li>\n<\/ul>\n<p><img decoding=\"async\" loading=\"lazy\" class=\"aligncenter size-full wp-image-2778\" src=\"https:\/\/biolabtek.vn\/wp-content\/uploads\/2023\/05\/Corning\u00ae-LSE\u2122-Digital-Dry-Bath-Heater-3.jpg\" alt=\"\" width=\"603\" height=\"638\" srcset=\"https:\/\/biolabtek.vn\/wp-content\/uploads\/2023\/05\/Corning\u00ae-LSE\u2122-Digital-Dry-Bath-Heater-3.jpg 603w, https:\/\/biolabtek.vn\/wp-content\/uploads\/2023\/05\/Corning\u00ae-LSE\u2122-Digital-Dry-Bath-Heater-3-378x400.jpg 378w, https:\/\/biolabtek.vn\/wp-content\/uploads\/2023\/05\/Corning\u00ae-LSE\u2122-Digital-Dry-Bath-Heater-3-600x635.jpg 600w\" sizes=\"(max-width: 603px) 100vw, 603px\" \/><\/p>\n<p><strong>B\u1ea3ng \u0111i\u1ec1u khi\u1ec3n:<\/strong><\/p>\n<p><img decoding=\"async\" loading=\"lazy\" class=\"aligncenter size-full wp-image-2780\" src=\"https:\/\/biolabtek.vn\/wp-content\/uploads\/2023\/05\/Corning\u00ae-LSE\u2122-Digital-Dry-Bath-Heater-2.jpg\" alt=\"\" width=\"1026\" height=\"346\" srcset=\"https:\/\/biolabtek.vn\/wp-content\/uploads\/2023\/05\/Corning\u00ae-LSE\u2122-Digital-Dry-Bath-Heater-2.jpg 1026w, https:\/\/biolabtek.vn\/wp-content\/uploads\/2023\/05\/Corning\u00ae-LSE\u2122-Digital-Dry-Bath-Heater-2-800x270.jpg 800w, https:\/\/biolabtek.vn\/wp-content\/uploads\/2023\/05\/Corning\u00ae-LSE\u2122-Digital-Dry-Bath-Heater-2-768x259.jpg 768w, https:\/\/biolabtek.vn\/wp-content\/uploads\/2023\/05\/Corning\u00ae-LSE\u2122-Digital-Dry-Bath-Heater-2-600x202.jpg 600w\" sizes=\"(max-width: 1026px) 100vw, 1026px\" \/><\/p>\n<p style=\"text-align: left;\">Xem chi ti\u1ebft s\u1ea3n ph\u1ea9m:\u00a0<a href=\"https:\/\/ecatalog.corning.com\/life-sciences\/b2c\/US\/en\/Equipment\/Constant-Temperature-Equipment\/Dry-Bath-Heaters\/Corning%C2%AE-LSE%E2%84%A2-Digital-Dry-Bath-Heater\/p\/corningLSEDigitalDryBathHeater\">https:\/\/ecatalog.corning.com\/life-sciences\/b2c\/US\/en\/Equipment\/Constant-Temperature-Equipment\/Dry-Bath-Heaters\/Corning%C2%AE-LSE%E2%84%A2-Digital-Dry-Bath-Heater\/p\/corningLSEDigitalDryBathHeater<\/a><\/p>\n<p>&nbsp;<\/p>\n","protected":false},"excerpt":{"rendered":"<p>M\u00e1y \u1ee7 nhi\u1ec7t kh\u00f4 LSE Corning c\u00f3 s\u1eb5n \u1edf c\u00e1c c\u1ea5u h\u00ecnh \u0111\u01a1n, k\u00e9p v\u00e0 b\u1ed1n kh\u1ed1i v\u00e0 cung c\u1ea5p d\u1ea3i nhi\u1ec7t \u0111\u1ed9 r\u1ed9ng l\u00ean \u0111\u1ebfn 150\u00b0C, gi\u00fap ch\u00fang tr\u1edf n\u00ean h\u1eefu \u00edch cho nhi\u1ec1u \u1ee9ng d\u1ee5ng trong sinh h\u1ecdc ph\u00e2n t\u1eed, m\u00f4 h\u1ecdc, l\u00e2m s\u00e0ng, m\u00f4i tr\u01b0\u1eddng v\u00e0 c\u00f4ng nghi\u1ec7p c\u00e1c ph\u00f2ng th\u00ed nghi\u1ec7m. [&hellip;]<\/p>\n","protected":false},"featured_media":2703,"comment_status":"open","ping_status":"closed","template":"","meta":[],"_links":{"self":[{"href":"https:\/\/biolabtek.vn\/index.php?rest_route=\/wp\/v2\/product\/2702"}],"collection":[{"href":"https:\/\/biolabtek.vn\/index.php?rest_route=\/wp\/v2\/product"}],"about":[{"href":"https:\/\/biolabtek.vn\/index.php?rest_route=\/wp\/v2\/types\/product"}],"replies":[{"embeddable":true,"href":"https:\/\/biolabtek.vn\/index.php?rest_route=%2Fwp%2Fv2%2Fcomments&post=2702"}],"wp:featuredmedia":[{"embeddable":true,"href":"https:\/\/biolabtek.vn\/index.php?rest_route=\/wp\/v2\/media\/2703"}],"wp:attachment":[{"href":"https:\/\/biolabtek.vn\/index.php?rest_route=%2Fwp%2Fv2%2Fmedia&parent=2702"}],"curies":[{"name":"wp","href":"https:\/\/api.w.org\/{rel}","templated":true}]}}