{"id":2699,"date":"2023-05-08T10:05:20","date_gmt":"2023-05-08T10:05:20","guid":{"rendered":"https:\/\/biolabtek.vn\/?post_type=product&#038;p=2699"},"modified":"2023-05-24T07:48:06","modified_gmt":"2023-05-24T07:48:06","slug":"axygen-axyspin-refrigerated-microcentrifuge","status":"publish","type":"product","link":"https:\/\/biolabtek.vn\/?product=axygen-axyspin-refrigerated-microcentrifuge","title":{"rendered":"Axygen\u00ae Axyspin Refrigerated Microcentrifuge"},"content":{"rendered":"<p><strong>M\u00e1y ly t\u00e2m l\u00e0m l\u1ea1nh si\u00eau nh\u1ecf Axygen Axyspin<\/strong> l\u00e0 m\u1ed9t m\u00e1y ly t\u00e2m si\u00eau nh\u1ecf l\u00e0m l\u1ea1nh hi\u1ec7u su\u1ea5t cao \u0111\u01b0\u1ee3c thi\u1ebft k\u1ebf \u0111\u1ec3 x\u1eed l\u00fd nhanh c\u00e1c m\u1eabu cho c\u00e1c \u1ee9ng d\u1ee5ng nh\u01b0 \u0111i\u1ec1u ch\u1ebf axit nucleic v\u00e0 protein, tinh ch\u1ebf, chi\u1ebft xu\u1ea5t v\u00e0 t\u1ea1o vi\u00ean.<\/p>\n<p><strong>T\u00ednh n\u0103ng n\u1ed5i b\u1eadt:<\/strong><\/p>\n<ul>\n<li>H\u1ec7 th\u1ed1ng l\u00e0m l\u1ea1nh m\u1ea1nh m\u1ebd l\u00e0m m\u00e1t \u0111\u1ebfn 4\u00b0C trong 8 ph\u00fat<\/li>\n<li>Bao g\u1ed3m r\u00f4to nh\u00f4m 24 x 1,5\/2,0 mL<\/li>\n<li>\u0110\u1eb7c bi\u1ec7t y\u00ean t\u0129nh v\u00e0 nh\u1ecf g\u1ecdn<\/li>\n<li>M\u00e1y ly t\u00e2m si\u00eau nh\u1ecf l\u00e0m l\u1ea1nh Axygen Axyspin k\u1ebft h\u1ee3p truy\u1ec1n \u0111\u1ed9ng kh\u00f4ng ch\u1ed5i than, m\u1ea1nh m\u1ebd nh\u01b0ng kh\u00f4ng \u1ed3n v\u1edbi h\u1ec7 th\u1ed1ng l\u00e0m m\u00e1t hi\u1ec7u qu\u1ea3, t\u1ea5t c\u1ea3 n\u1eb1m trong m\u1ed9t di\u1ec7n t\u00edch nh\u1ecf g\u1ecdn.<\/li>\n<li>C\u00f4ng ngh\u1ec7 truy\u1ec1n \u0111\u1ed9ng kh\u00f4ng ch\u1ed5i than \u0111\u00e3 \u0111\u01b0\u1ee3c tinh ch\u1ec9nh trong m\u00e1y ly t\u00e2m si\u00eau nh\u1ecf l\u00e0m l\u1ea1nh Axyspin \u0111\u1ec3 mang l\u1ea1i kh\u1ea3 n\u0103ng t\u0103ng t\u1ed1c v\u00e0 gi\u1ea3m t\u1ed1c nhanh ch\u00f3ng cho r\u00f4-to nh\u00f4m r\u1eafn.<\/li>\n<li>R\u00f4to 24 v\u1ecb tr\u00ed \u0111\u01b0\u1ee3c thi\u1ebft k\u1ebf \u0111\u1ed9c \u0111\u00e1o cho ph\u00e9p d\u1ec5 d\u00e0ng ti\u1ebfp c\u1eadn c\u00e1c \u0111\u1ea7u \u1ed1ng m\u1eabu.<\/li>\n<li>B\u1ea3ng \u0111i\u1ec1u khi\u1ec3n c\u00f3 m\u00e0n h\u00ecnh LCD c\u00f3 \u0111\u00e8n n\u1ec1n, cho ph\u00e9p ng\u01b0\u1eddi d\u00f9ng d\u1ec5 d\u00e0ng xem c\u00e1c th\u00f4ng s\u1ed1 \u0111ang ch\u1ea1y trong khi n\u00fam \u0111i\u1ec1u khi\u1ec3n l\u1edbn h\u1ed7 tr\u1ee3 c\u00e0i \u0111\u1eb7t k\u1ef9 thu\u1eadt s\u1ed1 t\u1ed1c \u0111\u1ed9 r\u00f4to, th\u1eddi gian ch\u1ea1y v\u00e0 nhi\u1ec7t \u0111\u1ed9.<\/li>\n<li>C\u00e1c t\u00ednh n\u0103ng hi\u1ec7u su\u1ea5t cao n\u00e0y cho ph\u00e9p x\u1eed l\u00fd m\u1eabu nhanh h\u01a1n v\u00e0 \u00edt th\u1eddi gian ng\u1eebng ho\u1ea1t \u0111\u1ed9ng h\u01a1n.<\/li>\n<\/ul>\n<p><strong>Th\u00f4ng s\u1ed1 k\u1ef9 thu\u1eadt t\u00f9y ch\u1ecdn:<\/strong><\/p>\n<ul>\n<li>Ki\u1ec3u Plug: EU v\u00e0 UK; US<\/li>\n<li>Ngu\u1ed3n \u0111i\u1ec7n: 120V, 230V<\/li>\n<\/ul>\n<p style=\"text-align: left;\">Xem chi ti\u1ebft s\u1ea3n ph\u1ea9m:\u00a0<a href=\"https:\/\/ecatalog.corning.com\/life-sciences\/b2c\/US\/en\/Equipment\/Centrifuges\/Refrigerated-Microcentrifuges\/Axygen%C2%AE-Microcentrifuges\/Axygen%C2%AE-Axyspin-Refrigerated-Microcentrifuge\/p\/axygenAxyspinRefrigeratedMicrocentrifuge\">https:\/\/ecatalog.corning.com\/life-sciences\/b2c\/US\/en\/Equipment\/Centrifuges\/Refrigerated-Microcentrifuges\/Axygen%C2%AE-Microcentrifuges\/Axygen%C2%AE-Axyspin-Refrigerated-Microcentrifuge\/p\/axygenAxyspinRefrigeratedMicrocentrifuge<\/a><\/p>\n","protected":false},"excerpt":{"rendered":"<p>M\u00e1y ly t\u00e2m l\u00e0m l\u1ea1nh si\u00eau nh\u1ecf Axygen Axyspin l\u00e0 m\u1ed9t m\u00e1y ly t\u00e2m si\u00eau nh\u1ecf l\u00e0m l\u1ea1nh hi\u1ec7u su\u1ea5t cao \u0111\u01b0\u1ee3c thi\u1ebft k\u1ebf \u0111\u1ec3 x\u1eed l\u00fd nhanh c\u00e1c m\u1eabu cho c\u00e1c \u1ee9ng d\u1ee5ng nh\u01b0 \u0111i\u1ec1u ch\u1ebf axit nucleic v\u00e0 protein, tinh ch\u1ebf, chi\u1ebft xu\u1ea5t v\u00e0 t\u1ea1o vi\u00ean. T\u00ednh n\u0103ng n\u1ed5i b\u1eadt: H\u1ec7 th\u1ed1ng l\u00e0m [&hellip;]<\/p>\n","protected":false},"featured_media":2700,"comment_status":"open","ping_status":"closed","template":"","meta":[],"_links":{"self":[{"href":"https:\/\/biolabtek.vn\/index.php?rest_route=\/wp\/v2\/product\/2699"}],"collection":[{"href":"https:\/\/biolabtek.vn\/index.php?rest_route=\/wp\/v2\/product"}],"about":[{"href":"https:\/\/biolabtek.vn\/index.php?rest_route=\/wp\/v2\/types\/product"}],"replies":[{"embeddable":true,"href":"https:\/\/biolabtek.vn\/index.php?rest_route=%2Fwp%2Fv2%2Fcomments&post=2699"}],"wp:featuredmedia":[{"embeddable":true,"href":"https:\/\/biolabtek.vn\/index.php?rest_route=\/wp\/v2\/media\/2700"}],"wp:attachment":[{"href":"https:\/\/biolabtek.vn\/index.php?rest_route=%2Fwp%2Fv2%2Fmedia&parent=2699"}],"curies":[{"name":"wp","href":"https:\/\/api.w.org\/{rel}","templated":true}]}}