{"id":2621,"date":"2023-02-02T02:50:49","date_gmt":"2023-02-02T02:50:49","guid":{"rendered":"https:\/\/biolabtek.vn\/?post_type=product&#038;p=2621"},"modified":"2023-05-09T04:14:48","modified_gmt":"2023-05-09T04:14:48","slug":"kinh-hien-vi-soi-noi-2-mat-szm-3-optika-y","status":"publish","type":"product","link":"https:\/\/biolabtek.vn\/?product=kinh-hien-vi-soi-noi-2-mat-szm-3-optika-y","title":{"rendered":"K\u00ednh hi\u1ec3n vi soi n\u1ed5i 2 m\u1eaft SZM-3 (Optika- \u00dd)"},"content":{"rendered":"<p><strong>K\u00cdNH HI\u1ec2N VI SOI N\u1ed4I<\/strong><br \/>\n<strong>H\u00c3NG S\u1ea2N XU\u1ea4T: OPTIKA &#8211; \u00dd<\/strong><br \/>\n<strong>MODEL: SZM-3<\/strong><\/p>\n<p>K\u00ednh hi\u1ec3n vi sinh soi n\u1ed5i \u0111\u01b0\u1ee3c \u1ee9ng d\u1ee5ng r\u1ed9ng r\u00e3i trong c\u00e1c l\u0129nh v\u1ef1c \u0111i\u1ec7n t\u1eed, c\u01a1 kh\u00ed ch\u00ednh x\u00e1c, th\u1ee9c \u0103n ch\u0103n nu\u00f4i, s\u1ea3n ph\u1ea9m in \u1ea5n, b\u1ec1 m\u1eb7t v\u1eadt li\u1ec7u, trang s\u1ee9c\u2026 K\u00ednh \u0111\u01b0\u1ee3c thi\u1ebft k\u1ebf v\u1edbi tr\u1ee5c ngang d\u00e0i cho ph\u00e9p quan s\u00e1t nh\u1eefng m\u1eabu v\u1eadt c\u00f3 b\u1ec1 m\u1eb7t l\u1edbn.\u00a0K\u00ednh hi\u1ec3n vi soi n\u1ed5i lo\u1ea1i 2 m\u1eaft, \u0111\u1ed9 ph\u00f3ng \u0111\u1ea1i \u0111i\u1ec1u ch\u1ec9nh li\u00ean t\u1ee5c trong kho\u1ea3ng 7x\u202645x, th\u00e2n k\u00ednh d\u1ea1ng tr\u1ee5 c\u1ed9t, \u0111\u1ea7u k\u00ednh g\u1eafn tr\u00ean thanh nh\u00f4 ra.<\/p>\n<p><strong>Th\u00f4ng s\u1ed1 k\u1ef9 thu\u1eadt:\u00a0<\/strong><\/p>\n<p><strong><em><u>Ch\u1ebf \u0111\u1ed9 quan s\u00e1t:<\/u><\/em><\/strong><\/p>\n<ul>\n<li>Ch\u1ebf \u0111\u1ed9 quan s\u00e1t v\u1edbi \u00e1nh s\u00e1ng ph\u1ea3n x\u1ea1 (chi\u1ebfu nghi\u00eang): Tr\u01b0\u1eddng s\u00e1ng<\/li>\n<\/ul>\n<p><strong><em><u>\u0110\u1ea7u k\u00ednh:<\/u><\/em><\/strong><\/p>\n<ul>\n<li>Lo\u1ea1i: lo\u1ea1i 2 \u0111\u01b0\u1eddng truy\u1ec1n quang<\/li>\n<li>V\u1eadt li\u1ec7u ch\u1ebf t\u1ea1o: nh\u00f4m v\u00e0 nh\u1ef1a \u0111\u00fac \/ c\u00e1c b\u00e1nh r\u0103ng b\u1eb1ng nh\u00f4m.<\/li>\n<li>\u0110\u1ed9 nghi\u00eang c\u1ee7a \u1ed1ng quan s\u00e1t: 45\u00b0<\/li>\n<li>Quay 360\u00b0: C\u00f3<\/li>\n<li>Kho\u1ea3ng c\u00e1ch li\u00ean \u0111\u1ed3ng t\u1eed: 51-75mm<\/li>\n<li>B\u00f9 Diop: tr\u00ean c\u1ea3 2 \u1ed1ng<\/li>\n<li>V\u00edt c\u1ed1 \u0111\u1ecbnh cho th\u1ecb k\u00ednh: C\u00f3<\/li>\n<li>\u0110\u01b0\u1eddng k\u00ednh trong cho v\u00f2ng \u0111\u1ee1 \u0111\u1ea7u k\u00ednh: 76mm<\/li>\n<li>\u0110\u01b0\u1eddng k\u00ednh trong \u1ed1ng l\u1eafp th\u1ecb k\u00ednh: 30mm<\/li>\n<\/ul>\n<p><strong><em><u>Th\u1ecb k\u00ednh:<\/u><\/em><\/strong><\/p>\n<ul>\n<li>Th\u1ecb tr\u01b0\u1eddng: 21mm<\/li>\n<li>\u0110\u1ed9 ph\u00f3ng \u0111\u1ea1i: 10x<\/li>\n<li>\u0110\u1ed9 t\u1ee5 cao (ph\u00f9 h\u1ee3p cho c\u1ea3 ng\u01b0\u1eddi \u0111eo k\u00ednh): C\u00f3<\/li>\n<li>C\u1ed1 cao su b\u1ea3o v\u1ec7 m\u1eaft: C\u00f3<\/li>\n<\/ul>\n<p><strong><em><u>V\u1eadt k\u00ednh:<\/u><\/em><\/strong><\/p>\n<ul>\n<li>H\u1ec7 th\u1ed1ng quang h\u1ecdc: Greenough<\/li>\n<li>\u0110\u01b0\u1ee3c x\u1eed l\u00fd ch\u1ed1ng n\u1ea5m m\u1ed1c: C\u00f3<\/li>\n<li>C\u01a1 c\u1ea5u ph\u00f3ng \u0111\u1ea1i (Zoom): Parfocal achromatic (duy tr\u00ec ti\u00eau c\u1ef1 khi \u0111\u1ed9 ph\u00f3ng \u0111\u1ea1i thay \u0111\u1ed5i)<\/li>\n<li>Kho\u1ea3ng c\u00e1ch l\u00e0m vi\u1ec7c: 100mm<\/li>\n<li>\u0110\u1ed9 ph\u00f3ng \u0111\u1ea1i ti\u00eau chu\u1ea9n: 7x-45x (\u0111i\u1ec1u ch\u1ec9nh li\u00ean t\u1ee5c)<\/li>\n<li>T\u1ef7 l\u1ec7 \u0111\u1ed9 ph\u00f3ng \u0111\u1ea1i (Zoom): 6.43<\/li>\n<\/ul>\n<p><strong><em><u>H\u1ec7 th\u1ed1ng \u0111i\u1ec1u ch\u1ec9nh ti\u00eau c\u1ef1:<\/u><\/em><\/strong><\/p>\n<ul>\n<li>Lo\u1ea1i: m\u1ed9t n\u00fam \u0111i\u1ec1u ch\u1ec9nh th\u00f4<\/li>\n<li>T\u1ed5ng kho\u1ea3ng d\u1ecbch chuy\u1ec3n c\u1ee7a n\u00fam \u0111i\u1ec1u ch\u1ec9nh: 50mm<\/li>\n<li>\u0110i\u1ec1u ch\u1ec9nh \u0111\u1ed9 c\u0103ng c\u1ee7a n\u00fam \u0111i\u1ec1u ch\u1ec9nh: C\u00f3<\/li>\n<li>\u0110\u01b0\u1eddng k\u00ednh trong cho v\u00f2ng \u0111\u1ee1 \u0111\u1ea7u k\u00ednh: 76mm<\/li>\n<\/ul>\n<p><strong><em><u>Th\u00e2n k\u00ednh:<\/u><\/em><\/strong><\/p>\n<ul>\n<li>Lo\u1ea1i: h\u00ecnh tr\u1ee5 tr\u00f2n c\u00f3 tay \u0111\u1ee1 nh\u00f4 ra<\/li>\n<li>\u0110\u01b0\u1eddng k\u00ednh tr\u1ee5: 32mm<\/li>\n<li>Ph\u1ee5 ki\u1ec7n cung c\u1ea5p k\u00e8m theo:<\/li>\n<li>Bao che b\u1ee5i: C\u00f3<\/li>\n<li>T\u00e0i li\u1ec7u h\u01b0\u1edbng d\u1eabn: phi\u00ean b\u1ea3n k\u1ef9 thu\u1eadt s\u1ed1 (t\u00e0i t\u1eeb websile c\u1ee7a h\u00e3ng)<\/li>\n<li>K\u00edch th\u01b0\u1edbc, kh\u1ed1i l\u01b0\u1ee3ng:<\/li>\n<li>Chi\u1ec1u cao t\u1ed5ng c\u1ed9ng: 420mm<\/li>\n<li>Chi\u1ec1u cao \u0111\u1ebf: 80mm<\/li>\n<li>Chi\u1ec1u r\u1ed9ng \u0111\u1ebf: 230mm<\/li>\n<li>Chi\u1ec1u s\u00e2u \u0111\u1ebf: 230mm<\/li>\n<li>C\u00e1nh tay ngang nh\u00f4 ra: 430mm<\/li>\n<li>Kh\u1ed1i l\u01b0\u1ee3ng: 15kg<\/li>\n<\/ul>\n<p>&nbsp;<\/p>\n","protected":false},"excerpt":{"rendered":"<p>K\u00cdNH HI\u1ec2N VI SOI N\u1ed4I H\u00c3NG S\u1ea2N XU\u1ea4T: OPTIKA &#8211; \u00dd MODEL: SZM-3 K\u00ednh hi\u1ec3n vi sinh soi n\u1ed5i \u0111\u01b0\u1ee3c \u1ee9ng d\u1ee5ng r\u1ed9ng r\u00e3i trong c\u00e1c l\u0129nh v\u1ef1c \u0111i\u1ec7n t\u1eed, c\u01a1 kh\u00ed ch\u00ednh x\u00e1c, th\u1ee9c \u0103n ch\u0103n nu\u00f4i, s\u1ea3n ph\u1ea9m in \u1ea5n, b\u1ec1 m\u1eb7t v\u1eadt li\u1ec7u, trang s\u1ee9c\u2026 K\u00ednh \u0111\u01b0\u1ee3c thi\u1ebft k\u1ebf v\u1edbi tr\u1ee5c ngang [&hellip;]<\/p>\n","protected":false},"featured_media":2739,"comment_status":"open","ping_status":"closed","template":"","meta":[],"_links":{"self":[{"href":"https:\/\/biolabtek.vn\/index.php?rest_route=\/wp\/v2\/product\/2621"}],"collection":[{"href":"https:\/\/biolabtek.vn\/index.php?rest_route=\/wp\/v2\/product"}],"about":[{"href":"https:\/\/biolabtek.vn\/index.php?rest_route=\/wp\/v2\/types\/product"}],"replies":[{"embeddable":true,"href":"https:\/\/biolabtek.vn\/index.php?rest_route=%2Fwp%2Fv2%2Fcomments&post=2621"}],"wp:featuredmedia":[{"embeddable":true,"href":"https:\/\/biolabtek.vn\/index.php?rest_route=\/wp\/v2\/media\/2739"}],"wp:attachment":[{"href":"https:\/\/biolabtek.vn\/index.php?rest_route=%2Fwp%2Fv2%2Fmedia&parent=2621"}],"curies":[{"name":"wp","href":"https:\/\/api.w.org\/{rel}","templated":true}]}}