{"id":2433,"date":"2022-08-09T02:07:43","date_gmt":"2022-08-09T02:07:43","guid":{"rendered":"https:\/\/biolabtek.vn\/?post_type=product&#038;p=2433"},"modified":"2024-11-19T07:19:10","modified_gmt":"2024-11-19T07:19:10","slug":"pcr-kits-for-pets-ingene-q-canine-circovirus","status":"publish","type":"product","link":"https:\/\/biolabtek.vn\/?product=pcr-kits-for-pets-ingene-q-canine-circovirus","title":{"rendered":"PCR Kits for PETS &#8211; INgene q Canine Circovirus"},"content":{"rendered":"<p><strong>H\u00e3ng<\/strong>: Gold Standard Diagnostics<\/p>\n<p><strong>Lo\u1ea1i m\u1eabu<\/strong>: M\u1eabu sinh h\u1ecdc.<\/p>\n<p><strong>Code<\/strong>: 15.CaC.K.5\/100 (100 Ph\u1ea3n \u1ee9ng)<\/p>\n<p>INgene q Canine Circovirus d\u1ef1a tr\u00ean k\u1ef9 thu\u1eadt Real Time PCR (K\u1ef9 thu\u1eadt TaqMan)<\/p>\n<p>M\u1ee5c \u0111\u00edch:\u00a0Ph\u00e1t hi\u1ec7n v\u00e0\/ho\u1eb7c \u0111\u1ecbnh l\u01b0\u1ee3ng DNA c\u1ee7a Circovirus.<\/p>\n<p>T\u00ednh n\u0103ng c\u1ee7a Kit:<br \/>\n\u2013 D\u1ec5 s\u1eed d\u1ee5ng, th\u1eddi gian chu\u1ea9n b\u1ecb t\u1ed1i thi\u1ec3u<br \/>\n\u2013 Quy tr\u00ecnh nhi\u1ec7t h\u00e0i h\u00f2a ph\u00f9 h\u1ee3p v\u1edbi h\u1ea7u h\u1ebft c\u00e1c b\u1ed9 kit INgene\u00ae q<br \/>\n\u2013 T\u01b0\u01a1ng th\u00edch r\u1ed9ng r\u00e3i v\u1edbi c\u00e1c thi\u1ebft b\u1ecb PCR hi\u1ec7n c\u00f3<br \/>\n\u2013 T\u00f9y ch\u1ecdn \u0111\u1ecbnh l\u01b0\u1ee3ng v\u1edbi \u0111\u1ed1i ch\u1ee9ng d\u01b0\u01a1ng t\u00ednh<br \/>\n\u2013 \u0110\u00e3 \u0111\u01b0\u1ee3c ki\u1ec3m nghi\u1ec7m v\u1edbi m\u1eabu l\u00e2m s\u00e0ng<br \/>\n\u2013 Th\u1eddi h\u1ea1n b\u1ea3o qu\u1ea3n d\u00e0i: 18 th\u00e1ng<br \/>\n\u2013 \u0110\u1ecbnh d\u1ea1ng 100 ph\u1ea3n \u1ee9ng<\/p>\n","protected":false},"excerpt":{"rendered":"<p>H\u00e3ng: Gold Standard Diagnostics Lo\u1ea1i m\u1eabu: M\u1eabu sinh h\u1ecdc. Code: 15.CaC.K.5\/100 (100 Ph\u1ea3n \u1ee9ng) INgene q Canine Circovirus d\u1ef1a tr\u00ean k\u1ef9 thu\u1eadt Real Time PCR (K\u1ef9 thu\u1eadt TaqMan) M\u1ee5c \u0111\u00edch:\u00a0Ph\u00e1t hi\u1ec7n v\u00e0\/ho\u1eb7c \u0111\u1ecbnh l\u01b0\u1ee3ng DNA c\u1ee7a Circovirus. T\u00ednh n\u0103ng c\u1ee7a Kit: \u2013 D\u1ec5 s\u1eed d\u1ee5ng, th\u1eddi gian chu\u1ea9n b\u1ecb t\u1ed1i thi\u1ec3u \u2013 Quy tr\u00ecnh nhi\u1ec7t [&hellip;]<\/p>\n","protected":false},"featured_media":2432,"comment_status":"open","ping_status":"closed","template":"","meta":[],"_links":{"self":[{"href":"https:\/\/biolabtek.vn\/index.php?rest_route=\/wp\/v2\/product\/2433"}],"collection":[{"href":"https:\/\/biolabtek.vn\/index.php?rest_route=\/wp\/v2\/product"}],"about":[{"href":"https:\/\/biolabtek.vn\/index.php?rest_route=\/wp\/v2\/types\/product"}],"replies":[{"embeddable":true,"href":"https:\/\/biolabtek.vn\/index.php?rest_route=%2Fwp%2Fv2%2Fcomments&post=2433"}],"wp:featuredmedia":[{"embeddable":true,"href":"https:\/\/biolabtek.vn\/index.php?rest_route=\/wp\/v2\/media\/2432"}],"wp:attachment":[{"href":"https:\/\/biolabtek.vn\/index.php?rest_route=%2Fwp%2Fv2%2Fmedia&parent=2433"}],"curies":[{"name":"wp","href":"https:\/\/api.w.org\/{rel}","templated":true}]}}