{"id":2254,"date":"2022-07-15T03:08:49","date_gmt":"2022-07-15T03:08:49","guid":{"rendered":"https:\/\/biolabtek.vn\/?post_type=product&#038;p=2254"},"modified":"2022-12-09T10:02:56","modified_gmt":"2022-12-09T10:02:56","slug":"ingezim-prrs-universal","status":"publish","type":"product","link":"https:\/\/biolabtek.vn\/?product=ingezim-prrs-universal","title":{"rendered":"INgezim PRRS Universal"},"content":{"rendered":"<p style=\"text-align: left;\"><em><strong>INgezim PRRS Universal (b\u1ed9 2 \u0111\u0129a)<\/strong>:\u00a0<a href=\"https:\/\/www.goldstandarddiagnostics.com\/products\/veterinary-diagnostics\/porcine\/porcine-reproductive-respiratory-syndrome\/ingezim-prrs-universal.html\">https:\/\/www.goldstandarddiagnostics.com\/products\/veterinary-diagnostics\/porcine\/porcine-reproductive-respiratory-syndrome\/ingezim-prrs-universal.html<\/a><\/em><\/p>\n<p style=\"text-align: left;\"><strong><em>INgezim PRRS Universal (b\u1ed9 5 \u0111\u0129a):\u00a0<\/em><\/strong><em><a href=\"https:\/\/www.goldstandarddiagnostics.com\/products\/veterinary-diagnostics\/porcine\/porcine-reproductive-respiratory-syndrome\/ingezim-prrs-universal-1.html\">https:\/\/www.goldstandarddiagnostics.com\/products\/veterinary-diagnostics\/porcine\/porcine-reproductive-respiratory-syndrome\/ingezim-prrs-universal-1.html<\/a><\/em><\/p>\n<p><strong>Lo\u1ea1i m\u1eabu<\/strong>:\u00a0m\u1eabu huy\u1ebft thanh l\u1ee3n.<\/p>\n<p><strong>Code<\/strong>: 11.PRU.K.1\/2 (2 \u0111\u0129a 96 gi\u1ebfng) v\u00e0 11.PRU.K.1\/5 (5 \u0111\u0129a 96 gi\u1ebfng)<\/p>\n<p><strong>INgezim PRRS UNIVERSAL<\/strong> d\u1ef1a tr\u00ean k\u1ef9 thu\u1eadt ELISA gi\u00e1n ti\u1ebfp, s\u1eed d\u1ee5ng kh\u00e1ng th\u1ec3 \u0111\u01a1n d\u00f2ng (MAb) \u0111\u1eb7c hi\u1ec7u \u0111\u1ed1i v\u1edbi globulin mi\u1ec5n d\u1ecbch l\u1ee3n (IgG), v\u00e0 kh\u00e1ng nguy\u00ean t\u00e1i t\u1ed5 h\u1ee3p (protein N ch\u1ee7ng M\u1ef9 v\u00e0 ch\u00e2u \u00c2u c\u1ee7a PRRS).<\/p>\n<p><strong>\u1ee8NG D\u1ee4NG<\/strong><\/p>\n<p>Ph\u00e1t hi\u1ec7n v\u00e0 \/ho\u1eb7c chu\u1ea9n \u0111\u1ed9 kh\u00e1ng th\u1ec3 \u0111\u1eb7c hi\u1ec7u \u0111\u1ed1i v\u1edbi PRRS trong m\u1eabu huy\u1ebft thanh l\u1ee3n. B\u1ed9 kit n\u00e0y \u0111\u01b0\u1ee3c thi\u1ebft k\u1ebf \u0111\u1ec3 ph\u00e1t hi\u1ec7n kh\u00e1ng th\u1ec3 \u0111\u1eb7c hi\u1ec7u \u0111\u1ed1i v\u1edbi c\u1ea3 hai ch\u1ee7ng M\u1ef9 v\u00e0 Ch\u00e2u \u00c2u c\u1ee7a PRRS.<\/p>\n<p><strong>Th\u00f4ng tin k\u1ef9 thu\u1eadt<\/strong><\/p>\n<p><a href=\"https:\/\/biolabtek.vn\/wp-content\/uploads\/2022\/07\/R.11.PRU_.K1-INgezim-PRRS-Universal-technical.pdf\">R.11.PRU.K1 INgezim PRRS Universal technical<\/a><\/p>\n","protected":false},"excerpt":{"rendered":"<p>INgezim PRRS Universal (b\u1ed9 2 \u0111\u0129a):\u00a0https:\/\/www.goldstandarddiagnostics.com\/products\/veterinary-diagnostics\/porcine\/porcine-reproductive-respiratory-syndrome\/ingezim-prrs-universal.html INgezim PRRS Universal (b\u1ed9 5 \u0111\u0129a):\u00a0https:\/\/www.goldstandarddiagnostics.com\/products\/veterinary-diagnostics\/porcine\/porcine-reproductive-respiratory-syndrome\/ingezim-prrs-universal-1.html Lo\u1ea1i m\u1eabu:\u00a0m\u1eabu huy\u1ebft thanh l\u1ee3n. Code: 11.PRU.K.1\/2 (2 \u0111\u0129a 96 gi\u1ebfng) v\u00e0 11.PRU.K.1\/5 (5 \u0111\u0129a 96 gi\u1ebfng) INgezim PRRS UNIVERSAL d\u1ef1a tr\u00ean k\u1ef9 thu\u1eadt ELISA gi\u00e1n ti\u1ebfp, s\u1eed d\u1ee5ng kh\u00e1ng th\u1ec3 \u0111\u01a1n d\u00f2ng (MAb) \u0111\u1eb7c hi\u1ec7u \u0111\u1ed1i v\u1edbi globulin mi\u1ec5n d\u1ecbch l\u1ee3n (IgG), [&hellip;]<\/p>\n","protected":false},"featured_media":2247,"comment_status":"open","ping_status":"closed","template":"","meta":[],"_links":{"self":[{"href":"https:\/\/biolabtek.vn\/index.php?rest_route=\/wp\/v2\/product\/2254"}],"collection":[{"href":"https:\/\/biolabtek.vn\/index.php?rest_route=\/wp\/v2\/product"}],"about":[{"href":"https:\/\/biolabtek.vn\/index.php?rest_route=\/wp\/v2\/types\/product"}],"replies":[{"embeddable":true,"href":"https:\/\/biolabtek.vn\/index.php?rest_route=%2Fwp%2Fv2%2Fcomments&post=2254"}],"wp:featuredmedia":[{"embeddable":true,"href":"https:\/\/biolabtek.vn\/index.php?rest_route=\/wp\/v2\/media\/2247"}],"wp:attachment":[{"href":"https:\/\/biolabtek.vn\/index.php?rest_route=%2Fwp%2Fv2%2Fmedia&parent=2254"}],"curies":[{"name":"wp","href":"https:\/\/api.w.org\/{rel}","templated":true}]}}