{"id":2101,"date":"2021-08-23T08:55:25","date_gmt":"2021-08-23T08:55:25","guid":{"rendered":"https:\/\/biolabtek.vn\/?post_type=product&#038;p=2101"},"modified":"2021-08-24T04:22:20","modified_gmt":"2021-08-24T04:22:20","slug":"pipet-don-kenh-100-1000-ul","status":"publish","type":"product","link":"https:\/\/biolabtek.vn\/?product=pipet-don-kenh-100-1000-ul","title":{"rendered":"Pipet \u0111\u01a1n k\u00eanh 100-1000 ul"},"content":{"rendered":"<p><em><strong>Pipet \u0111\u01a1n k\u00eanh 100-1000 ul:<\/strong> <a href=\"http:\/\/www.sorbio.com\/index.php\/products-catalog\/item\/onetouch-single-channel-pipettor-100-1000-ul12790?category_id=110\"><u>http:\/\/www.sorbio.com\/index.php\/products-catalog\/item\/onetouch-single-channel-pipettor-100-1000-ul12790?category_id=110<\/u><\/a><\/em><\/p>\n<p><strong>H\u00e3ng<\/strong>: HTL\/Sorenson-M\u1ef9<\/p>\n<p><strong>Code<\/strong>: 12790<\/p>\n<p><strong>\u0110\u00f3ng g\u00f3i<\/strong>: 1 c\u00e2y\/ h\u1ed9p<\/p>\n<p><strong>\u0110\u1ed9 ch\u00ednh x\u00e1c<\/strong>: 0.1 ul<\/p>\n","protected":false},"excerpt":{"rendered":"<p>Pipet \u0111\u01a1n k\u00eanh 100-1000 ul: http:\/\/www.sorbio.com\/index.php\/products-catalog\/item\/onetouch-single-channel-pipettor-100-1000-ul12790?category_id=110 H\u00e3ng: HTL\/Sorenson-M\u1ef9 Code: 12790 \u0110\u00f3ng g\u00f3i: 1 c\u00e2y\/ h\u1ed9p \u0110\u1ed9 ch\u00ednh x\u00e1c: 0.1 ul<\/p>\n","protected":false},"featured_media":2102,"comment_status":"open","ping_status":"closed","template":"","meta":[],"_links":{"self":[{"href":"https:\/\/biolabtek.vn\/index.php?rest_route=\/wp\/v2\/product\/2101"}],"collection":[{"href":"https:\/\/biolabtek.vn\/index.php?rest_route=\/wp\/v2\/product"}],"about":[{"href":"https:\/\/biolabtek.vn\/index.php?rest_route=\/wp\/v2\/types\/product"}],"replies":[{"embeddable":true,"href":"https:\/\/biolabtek.vn\/index.php?rest_route=%2Fwp%2Fv2%2Fcomments&post=2101"}],"wp:featuredmedia":[{"embeddable":true,"href":"https:\/\/biolabtek.vn\/index.php?rest_route=\/wp\/v2\/media\/2102"}],"wp:attachment":[{"href":"https:\/\/biolabtek.vn\/index.php?rest_route=%2Fwp%2Fv2%2Fmedia&parent=2101"}],"curies":[{"name":"wp","href":"https:\/\/api.w.org\/{rel}","templated":true}]}}