{"id":2079,"date":"2021-08-23T06:52:25","date_gmt":"2021-08-23T06:52:25","guid":{"rendered":"https:\/\/biolabtek.vn\/?post_type=product&#038;p=2079"},"modified":"2023-01-30T09:18:55","modified_gmt":"2023-01-30T09:18:55","slug":"ingezim-prrs-2-0","status":"publish","type":"product","link":"https:\/\/biolabtek.vn\/?product=ingezim-prrs-2-0","title":{"rendered":"INgezim PRRS 2.0"},"content":{"rendered":"<p style=\"text-align: left;\"><em><strong>INgezim PRRS 2.0 (b\u1ed9 2 \u0111\u0129a)<\/strong>:\u00a0<a href=\"https:\/\/www.goldstandarddiagnostics.com\/products\/veterinary-diagnostics\/porcine\/porcine-reproductive-respiratory-syndrome\/ingezim-prrs-2-0-192-tests.html\">https:\/\/www.goldstandarddiagnostics.com\/products\/veterinary-diagnostics\/porcine\/porcine-reproductive-respiratory-syndrome\/ingezim-prrs-2-0-192-tests.html<\/a><\/em><\/p>\n<p style=\"text-align: left;\"><strong><em>INgezim PRRS 2.0 (b\u1ed9 5 \u0111\u0129a):\u00a0<\/em><\/strong><em><a href=\"https:\/\/www.goldstandarddiagnostics.com\/products\/veterinary-diagnostics\/porcine\/porcine-reproductive-respiratory-syndrome\/ingezim-prrs-2-0-480-tests.html\">https:\/\/www.goldstandarddiagnostics.com\/products\/veterinary-diagnostics\/porcine\/porcine-reproductive-respiratory-syndrome\/ingezim-prrs-2-0-480-tests.html<\/a><\/em><\/p>\n<p><strong>H\u00e3ng<\/strong>: Gold Standard Diagnostics<\/p>\n<p><strong>Lo\u1ea1i m\u1eabu<\/strong>: Huy\u1ebft thanh heo<\/p>\n<p><strong>Code<\/strong>: 11.PR2.K.1\/2 (B\u1ed9 2 \u0111\u0129a) v\u00e0 11.PR2.K.1\/5 (B\u1ed9 5 \u0111\u0129a)<\/p>\n<p>INgezim PRRS 2.0 d\u1ef1a tr\u00ean k\u1ef9 thu\u1eadt ELISA gi\u00e1n ti\u1ebfp d\u00f9ng \u0111\u1ec3 ph\u00e1t hi\u1ec7n kh\u00e1ng th\u1ec3 \u0111\u1eb7c hi\u1ec7u v\u1edbi PRRSV (ch\u1ee7ng EU v\u00e0 Hoa K\u1ef3) trong m\u1eabu huy\u1ebft thanh heo.<\/p>\n","protected":false},"excerpt":{"rendered":"<p>INgezim PRRS 2.0 (b\u1ed9 2 \u0111\u0129a):\u00a0https:\/\/www.goldstandarddiagnostics.com\/products\/veterinary-diagnostics\/porcine\/porcine-reproductive-respiratory-syndrome\/ingezim-prrs-2-0-192-tests.html INgezim PRRS 2.0 (b\u1ed9 5 \u0111\u0129a):\u00a0https:\/\/www.goldstandarddiagnostics.com\/products\/veterinary-diagnostics\/porcine\/porcine-reproductive-respiratory-syndrome\/ingezim-prrs-2-0-480-tests.html H\u00e3ng: Gold Standard Diagnostics Lo\u1ea1i m\u1eabu: Huy\u1ebft thanh heo Code: 11.PR2.K.1\/2 (B\u1ed9 2 \u0111\u0129a) v\u00e0 11.PR2.K.1\/5 (B\u1ed9 5 \u0111\u0129a) INgezim PRRS 2.0 d\u1ef1a tr\u00ean k\u1ef9 thu\u1eadt ELISA gi\u00e1n ti\u1ebfp d\u00f9ng \u0111\u1ec3 ph\u00e1t hi\u1ec7n kh\u00e1ng th\u1ec3 \u0111\u1eb7c hi\u1ec7u v\u1edbi PRRSV (ch\u1ee7ng EU v\u00e0 Hoa [&hellip;]<\/p>\n","protected":false},"featured_media":2076,"comment_status":"open","ping_status":"closed","template":"","meta":[],"_links":{"self":[{"href":"https:\/\/biolabtek.vn\/index.php?rest_route=\/wp\/v2\/product\/2079"}],"collection":[{"href":"https:\/\/biolabtek.vn\/index.php?rest_route=\/wp\/v2\/product"}],"about":[{"href":"https:\/\/biolabtek.vn\/index.php?rest_route=\/wp\/v2\/types\/product"}],"replies":[{"embeddable":true,"href":"https:\/\/biolabtek.vn\/index.php?rest_route=%2Fwp%2Fv2%2Fcomments&post=2079"}],"wp:featuredmedia":[{"embeddable":true,"href":"https:\/\/biolabtek.vn\/index.php?rest_route=\/wp\/v2\/media\/2076"}],"wp:attachment":[{"href":"https:\/\/biolabtek.vn\/index.php?rest_route=%2Fwp%2Fv2%2Fmedia&parent=2079"}],"curies":[{"name":"wp","href":"https:\/\/api.w.org\/{rel}","templated":true}]}}